398
Calculate the remainder when 168218 is divided by 1256.
1170
What is the remainder when 453421 is divided by 8216?
1541
What is the remainder when 5925942 is divided by 80080?
22
What is the remainder when 474816 is divided by 142?
110
What is the remainder when 1693 is divided by 586?
521
What is the remainder when 933691 is divided by 466832?
27
What is the remainder when 619973 is divided by 123422?
2863
What is the remainder when 25941 is divided by 3214?
229
Calculate the remainder when 72595 is divided by 18148.
3
What is the remainder when 160455 is divided by 159?
24
Calculate the remainder when 170376676 is divided by 6730.
6726
Calculate the remainder when 1025682 is divided by 23.
20
What is the remainder when 91022 is divided by 90942?
80
What is the remainder when 1341803 is divided by 232?
147
What is the remainder when 662809 is divided by 106?
97
What is the remainder when 10321188 is divided by 158?
154
Calculate the remainder when 17513901 is divided by 2507.
2506
What is the remainder when 6114396 is divided by 13928?
4
What is the remainder when 758371 is divided by 55?
31
Calculate the remainder when 2241953 is divided by 22.
21
What is the remainder when 28256728 is divided by 7064179?
12
What is the remainder when 3263538 is divided by 42?
12
Calculate the remainder when 6240079 is divided by 96.
79
What is the remainder when 3958303 is divided by 771?
760
What is the remainder when 6172119 is divided by 3085862?
395
What is the remainder when 44353 is divided by 279?
271
What is the remainder when 3567839 is divided by 800?
639
Calculate the remainder when 705025 is divided by 70487.
155
Calculate the remainder when 83203 is divided by 2643.
1270
What is the remainder when 1195298 is divided by 36?
26
Calculate the remainder when 6013674 is divided by 519.
21
Calculate the remainder when 650412 is divided by 1502.
46
Calculate the remainder when 1073847 is divided by 63.
12
Calculate the remainder when 1632248 is divided by 25.
23
Calculate the remainder when 341778 is divided by 341739.
39
Calculate the remainder when 12452743 is divided by 402.
391
Calculate the remainder when 966926 is divided by 483335.
256
What is the remainder when 464265 is divided by 6190?
15
Calculate the remainder when 1667360 is divided by 69472.
32
Calculate the remainder when 26458 is divided by 962.
484
Calculate the remainder when 362940 is divided by 63.
60
Calculate the remainder when 1352546 is divided by 1159.
1152
Calculate the remainder when 236697 is divided by 445.
402
Calculate the remainder when 1912788 is divided by 956389.
10
What is the remainder when 131544498 is divided by 20?
18
What is the remainder when 2132499 is divided by 266512?
403
What is the remainder when 47847449 is divided by 3879?
3863
What is the remainder when 501984 is divided by 17?
8
Calculate the remainder when 163425 is divided by 10894.
15
Calculate the remainder when 117438 is divided by 562.
542
What is the remainder when 47708 is divided by 1530?
278
Calculate the remainder when 30347 is divided by 2754.
53
Calculate the remainder when 139729 is divided by 2536.
249
What is the remainder when 13491698 is divided by 42?
38
What is the remainder when 9810456 is divided by 192?
24
What is the remainder when 6351474 is divided by 58?
10
What is the remainder when 1756180 is divided by 35831?
461
What is the remainder when 450285 is divided by 16073?
241
What is the remainder when 4328937 is divided by 288?
9
Calculate the remainder when 38531299 is divided by 560.
499
Calculate the remainder when 30155052 is divided by 302.
50
Calculate the remainder when 125867 is divided by 5924.
1463
Calculate the remainder when 1981728504 is divided by 3865.
3864
What is the remainder when 16706912 is divided by 5799?
5792
Calculate the remainder when 8483024 is divided by 1580.
4
What is the remainder when 63117 is divided by 4508?
5
What is the remainder when 3170143 is divided by 165?
163
Calculate the remainder when 425676549 is divided by 12.
9
Calculate the remainder when 1390298 is divided by 756.
14
What is the remainder when 10163153 is divided by 37?
30
Calculate the remainder when 471192 is divided by 235410.
372
What is the remainder when 7303 is divided by 338?
205
Calculate the remainder when 6984 is divided by 3846.
3138
Calculate the remainder when 1087188 is divided by 1164.
12
Calculate the remainder when 1287799 is divided by 57.
55
What is the remainder when 111236 is divided by 853?
346
Calculate the remainder when 124884 is divided by 146.
54
What is the remainder when 1694186 is divided by 8224?
42
What is the remainder when 2256097 is divided by 3165?
2617
Calculate the remainder when 19556 is divided by 15532.
4024
Calculate the remainder when 2205915 is divided by 95907.
54
Calculate the remainder when 126625 is divided by 31628.
113
What is the remainder when 39548 is divided by 1248?
860
Calculate the remainder when 341493 is divided by 3340.
813
Calculate the remainder when 69792687 is divided by 1724.
1719
What is the remainder when 1301705 is divided by 9642?
35
What is the remainder when 8343966 is divided by 3791?
3766
What is the remainder when 991424 is divided by 3075?
1274
Calculate the remainder when 2345380 is divided by 360.
340
What is the remainder when 23970 is divided by 167?
89
What is the remainder when 287189 is divided by 95702?
83
What is the remainder when 115370 is divided by 879?
221
Calculate the remainder when 1610691 is divided by 402606.
267
Calculate the remainder when 237777 is divided by 8557.
6738
Calculate the remainder when 26008161 is divided by 204.
201
What is the remainder when 1868706 is divided by 650?
606
Calculate the remainder when 2790646 is divided by 500.
146
Calculate the remainder when 117660192 is divided by 14707523.
8
What is the remainder when 873508774 is divided by 218377191?
10
Calculate the remainder when 2334151 is divided by 99.
28
What is the remainder when 4500235 is divided by 1500071?
22
What is the remainder when 2464380 is divided by 7?
2
What is the remainder when 16474634 is divided by 169?
7
Calculate the remainder when 53052 is divided by 1076.
328
Calculate the remainder when 213966 is divided by 213089.
877
Calculate the remainder when 18241 is divided by 643.
237
What is the remainder when 98541 is divided by 211?
4
Calculate the remainder when 3171924 is divided by 2480.
4
What is the remainder when 335681009 is divided by 5670?
5669
Calculate the remainder when 29930015 is divided by 26.
11
Calculate the remainder when 2326767 is divided by 221.
79
Calculate the remainder when 1880 is divided by 1107.
773
Calculate the remainder when 394234 is divided by 96328.
8922
Calculate the remainder when 1466480 is divided by 2529.
2189
What is the remainder when 69281 is divided by 2125?
1281
Calculate the remainder when 8581588 is divided by 983.
981
Calculate the remainder when 74168871 is divided by 18542216.
7
Calculate the remainder when 399758 is divided by 19007.
611
Calculate the remainder when 72735 is divided by 4700.
2235
What is the remainder when 3037768 is divided by 158?
60
What is the remainder when 2356662 is divided by 67333?
7
Calculate the remainder when 94088 is divided by 15654.
164
Calculate the remainder when 361699 is divided by 13383.
358
Calculate the remainder when 237246 is divided by 257.
35
What is the remainder when 16060681 is divided by 4015120?
201
Calculate the remainder when 42930165 is divided by 5848.
5845
What is the remainder when 1111093 is divided by 370358?
19
What is the remainder when 63667 is divided by 17588?
10903
What is the remainder when 663376 is divided by 57?
10
What is the remainder when 1445510 is divided by 3775?
3460
What is the remainder when 5436220 is divided by 25284?
160
What is the remainder when 5128563 is divided by 2564220?
123
What is the remainder when 218280 is divided by 8421?
7755
Calculate the remainder when 51366 is divided by 1384.
158
What is the remainder when 328704 is divided by 313?
54
Calculate the remainder when 318014 is divided by 10600.
14
What is the remainder when 833739 is divided by 27761?
909
Calculate the remainder when 6271690 is divided by 56501.
79
What is the remainder whe